, 43, 2207
What are the prime factors of 234114?
2, 3, 39019
List the prime factors of 7694472.
2, 3, 17, 18859
What are the prime factors of 1426871?
197, 7243
What are the prime factors of 240550?
2, 5, 17, 283
List the prime factors of 11606005.
5, 269, 8629
List the prime factors of 499947.
3, 7, 19, 179
List the prime factors of 4443572.
2, 7, 158699
List the prime factors of 2466378.
2, 3, 73, 1877
List the prime factors of 11988819.
3, 23, 57917
List the prime factors of 268998.
2, 3, 107, 419
What are the prime factors of 12084539?
701, 17239
What are the prime factors of 17349942?
2, 3, 2891657
List the prime factors of 790086.
2, 3, 11, 11971
What are the prime factors of 5493727?
31, 177217
List the prime factors of 39165387.
3, 13055129
What are the prime factors of 2908230?
2, 3, 5, 13, 7457
List the prime factors of 157742.
2, 13, 6067
List the prime factors of 288203.
288203
List the prime factors of 540005.
5, 17, 6353
What are the prime factors of 1850250?
2, 3, 5, 2467
List the prime factors of 2112346.
2, 1056173
List the prime factors of 102261.
3, 89, 383
What are the prime factors of 28799816?
2, 67, 53731
List the prime factors of 147416.
2, 18427
What are the prime factors of 5675065?
5, 11, 103183
List the prime factors of 61395.
3, 5, 4093
What are the prime factors of 5806828?
2, 149, 9743
List the prime factors of 5189709.
3, 7, 17, 14537
List the prime factors of 364631.
163, 2237
What are the prime factors of 4104109?
29, 137, 1033
List the prime factors of 334192.
2, 20887
What are the prime factors of 3042976?
2, 95093
What are the prime factors of 14386400?
2, 5, 7, 367
List the prime factors of 2189010.
2, 3, 5, 131, 557
What are the prime factors of 283362?
2, 3, 83, 569
What are the prime factors of 1035797?
7, 73, 2027
List the prime factors of 2879458.
2, 1439729
What are the prime factors of 47155?
5, 9431
What are the prime factors of 9297112?
2, 11, 105649
List the prime factors of 8233373.
71, 115963
What are the prime factors of 17155488?
2, 3, 7, 521
What are the prime factors of 6725054?
2, 7, 163, 421
What are the prime factors of 210956?
2, 23, 2293
What are the prime factors of 19917903?
3, 31, 61, 3511
List the prime factors of 8266472.
2, 1033309
What are the prime factors of 73117?
11, 17, 23
What are the prime factors of 999657?
3, 31, 3583
What are the prime factors of 2338654?
2, 1169327
What are the prime factors of 1249198?
2, 624599
What are the prime factors of 14681443?
7, 2097349
What are the prime factors of 265598?
2, 41, 79
List the prime factors of 520692.
2, 3, 43391
What are the prime factors of 9072073?
641, 14153
What are the prime factors of 125432?
2, 15679
What are the prime factors of 1563213?
3, 37, 14083
What are the prime factors of 2819517?
3, 939839
What are the prime factors of 10248086?
2, 5124043
List the prime factors of 13348186.
2, 6674093
What are the prime factors of 1302904?
2, 23, 73, 97
What are the prime factors of 1330451?
103, 12917
What are the prime factors of 1868980?
2, 5, 17, 23, 239
What are the prime factors of 105511?
7, 15073
What are the prime factors of 31239?
3, 13, 89
What are the prime factors of 555005?
5, 11, 10091
What are the prime factors of 36837?
3, 4093
List the prime factors of 106216.
2, 11, 17, 71
List the prime factors of 963180.
2, 3, 5, 5351
List the prime factors of 470020.
2, 5, 71, 331
List the prime factors of 393343.
47, 8369
What are the prime factors of 16831330?
2, 5, 269, 6257
What are the prime factors of 4971544?
2, 621443
What are the prime factors of 18816251?
19, 990329
What are the prime factors of 241880?
2, 5, 6047
List the prime factors of 288808.
2, 13, 2777
What are the prime factors of 1296058?
2, 648029
What are the prime factors of 6712563?
3, 11, 13, 15647
List the prime factors of 97200.
2, 3, 5
What are the prime factors of 319564?
2, 7, 101, 113
List the prime factors of 4882595.
5, 47, 79, 263
List the prime factors of 4926282.
2, 3, 19, 79, 547
List the prime factors of 19751436.
2, 3, 29, 18919
List the prime factors of 1524366.
2, 3, 28229
List the prime factors of 9811743.
3, 3270581
What are the prime factors of 49677?
3, 29, 571
List the prime factors of 161754.
2, 3, 26959
List the prime factors of 370445.
5, 43, 1723
What are the prime factors of 6389253?
3, 13, 109, 167
List the prime factors of 1094480.
2, 5, 13681
List the prime factors of 345095.
5, 69019
List the prime factors of 14805269.
107, 179, 773
List the prime factors of 6008815.
5, 883, 1361
List the prime factors of 6641766.
2, 3, 71, 5197
What are the prime factors of 245099?
83, 2953
List the prime factors of 849630.
2, 3, 5, 127, 223
What are the prime factors of 21899492?
2, 223, 24551
List the prime factors of 770134.
2, 17, 22651
What are the prime factors of 198253?
11, 67, 269
What are the prime factors of 722998?
2, 361499
List the prime factors of 15000377.
7, 2142911
List the prime factors of 4192530.
2, 3, 5, 29, 61, 79
List the prime factors of 370599.
3, 23, 41, 131
What are the prime factors of 223606?
2, 23, 4861
List the prime factors of 3959622.
2, 3, 219979
What are the prime factors of 153425?
5, 17, 19
What are the prime factors of 4751797?
241, 19717
What are the prime factors of 416410?
2, 5, 41641
What are the prime factors of 1257453?
3, 31, 4507
List the prime factors of 1705886.
2, 7, 13, 103
List the prime factors of 4916347.
4916347
What are the prime factors of 75023?
13, 29, 199
What are the prime factors of 1240602?
2, 3, 11, 18797
List the prime factors of 628233.
3, 197, 1063
What are the prime factors of 184528?
2, 19, 607
What are the prime factors of 13997?
13997
What are the prime factors of 384831?
3, 4751
What are the prime factors of 87208?
2, 11, 991
List the prime factors of 1862940.
2, 3, 5, 61, 509
What are the prime factors of 5321717?
23, 231379
List the prime factors of 2673015.
3, 5, 19, 83, 113
What are the prime factors of 530539?
530539
What are the prime factors of 3402308?
2, 7, 13, 719
List the prime factors of 101019.
3, 151, 223
List the prime factors of 260029.
7, 11, 307
What are the prime factors of 516066?
2, 3, 86011
What are the prime factors of 2401011?
3, 19, 739
What are the prime factors of 2509842?
2, 3, 557, 751
List the prime factors of 1293672.
2, 3, 19, 2837
List the prime factors of 413251.
413251
What are the prime factors of 480353?
43, 11171
What are the prime factors of 4879425?
3, 5, 17, 43, 89
What are the prime factors of 1743854?
2, 7, 124561
What are the prime factors of 625156?
2, 7, 83, 269
List the prime factors of 292742.
2, 197, 743
List the prime factors of 156045.
3, 5, 101, 103
What are the prime factors of 1009736?
2, 7, 13, 19, 73
What are the prime factors of 857851?
857851
What are the prime factors of 431183?
71, 6073
What are the prime factors of 2016705?
3, 5, 31, 4337
What are the prime factors of 311604?
2, 3, 23, 1129
List the prime factors of 1252524.
2, 3, 7, 13, 31, 37
What are the prime factors of 4011010?
2, 5, 401101
List the prime factors of 1587160.
2, 5, 39679
List the prime factors of 97272.
2, 3, 7, 193
What are the prime factors of 352077?
3, 11, 47, 227
What are the prime factors of 5317103?
11, 43943
List the prime factors of 4107909.
3, 13, 105331
What are the prime factors of 1333905?
3, 5, 17, 5231
List the prime factors of 1568241.
3, 19, 1019
What are the prime factors of 128970?
2, 3, 5, 1433
List the prime factors of 315845.
5, 181, 349
What are the prime factors of 1762567?
31, 56857
List the prime factors of 1376519.
229, 6011
What are the prime factors of 219164?
2, 11, 17, 293
What are the prime factors of 152725?
5, 41, 149
What are the prime factors of 2639161?
7, 181, 2083
List the prime factors of 542761.
542761
What are the prime factors of 1060405?
5, 212081
What are the prime factors of 9244214?
2, 7, 29, 22769
List the prime factors of 15289.
15289
List the prime factors of 927357.
3, 47, 6577
What are the prime factors of 17256754?
2, 8628377
What are the prime factors of 93866?
2, 46933
List the prime factors of 6706531.
13, 515887
List the prime factors of 37648230.
2, 3, 5, 1254941
List the prime factors of 384598.
2, 19, 29, 349
List the prime factors of 2806579.
173, 16223
List the pri